- 2*h**2 + 2*h - 1. Let c be i(k). Let f(r) = -r**2 + 2*r + 2. Calculate f(c).
2
Let u = -13 + 9. Let b(i) = 3*i - 5. Let d(r) = -6*r + 10. Let p(a) = u*d(a) - 9*b(a). Calculate p(4).
-7
Let o be (-12)/(-8) - (-1 + 2). Let d(m) be the third derivative of 0 + 3*m**2 + 1/8*m**4 + o*m**3 + 0*m. What is d(-2)?
-3
Let h = 2 + 2. Suppose -2*t = 3*t + f - 22, -3*f = -h*t + 10. Suppose 0 = 4*q + t*o, o = -3*q + 2*o. Let g(k) = k + 6. Give g(q).
6
Let v(u) = -2*u**2 + u - 1. Let h(b) = -9*b**2 - 7. Let z(x) = -h(x) + 4*v(x). Suppose 0*a + 3*a - 4*s = -10, 0 = -3*s + 3. Calculate z(a).
-1
Let m(z) = z**2 + 2*z - 3. Suppose 2*p + 16 - 10 = 0. Determine m(p).
0
Suppose -j = 8 - 10. Let w(r) = -1 - r**2 + r**2 + r**j - 8*r + 8. Calculate w(6).
-5
Let l(c) = 7 - 2*c - 10 + 2. Give l(4).
-9
Let i(j) = -j**3 + 4*j**2 + 2*j - 3. Suppose 0 = -o - 4*l + 2 - 0, 2*l = 2*o - 4. Give i(o).
9
Let s(d) = -2*d + 6. Let q(m) = m**3 - 7*m**2 + 4*m - 13. Let t be q(7). Let j = 19 - t. Determine s(j).
-2
Suppose 5 = -2*f + 3*f. Suppose h - f*j + 13 = 0, h - 4*j + 5 = 2*h. Let t(k) = k**2 + 2*k + 3. Determine t(h).
6
Let a(u) = -2*u + 3. Let d be a(-2). Let j(t) = -t - 2. Give j(d).
-9
Let m(x) = -7 - 4*x + x + x. Let a(v) = -9*v - 51. Let b be a(-5). Give m(b).
5
Let r(l) = l**3 - 7*l**2 + 7*l + 4. Suppose 11 = x - v, -3*x + 43 - 5 = -4*v. What is r(x)?
10
Let q(k) = -k + 2. Let s be q(0). Let z(l) = -8 + l - l**2 + 0*l**s + 6. What is z(2)?
-4
Let d(o) = -o**3 + 6*o**2 - o - 7. Let l = 0 - -6. Calculate d(l).
-13
Let m(v) = v**2 - v. Let w(a) = 4*a + 6. Suppose -8 = 4*n - 4. Let o(r) = n*m(r) + w(r). Give o(6).
0
Let l(r) = r - r**2 + 6*r + 0 - 4 + 3. Determine l(6).
5
Suppose 4*l + 4 = -0. Let o(f) be the second derivative of -7*f**4/12 - f**3/3 - f**2/2 - 4*f. Determine o(l).
-6
Let r(x) be the first derivative of -2*x**2 - 4*x + 4. Determine r(-3).
8
Suppose 3*u + 5 = 4*u. Suppose -4*j - u = -3*j. Let i(h) = -3*h - 2*h - 6 + 2*h**2 - 3*h**2. Give i(j).
-6
Let z(r) = -3*r + 1. Let f = 15 - 11. Let b = -13 + 22. Suppose q = f*q - b. Determine z(q).
-8
Let d(j) = -6*j - 4. Let c(v) = -7*v - 4. Suppose -3*u = 2*g + g - 9, -4*u = 3*g - 13. Let k be ((-20)/8)/(2/u). Let n(o) = k*d(o) + 4*c(o). What is n(3)?
10
Let x(p) = 1 - 5*p - 4*p**2 + p + 6*p**2. Suppose 0 = 4*c + 2*m + 24, 2*m = -8*c + 3*c - 31. Let d be (-7)/(-1) - (-3 - c). Give x(d).
7
Let u(v) be the third derivative of -v**6/120 + v**5/20 + v**4/4 - v**3/3 + 15*v**2. Let s = -11 + 15. Determine u(s).
6
Let w = 0 + 7. Suppose -3*c - 12 - 21 = 4*k, -k = -3*c - 18. Let r = c + w. Let m(q) = q - 7. Calculate m(r).
-7
Let d(i) = i**2 + 4*i - 7. Let m be d(-6). Let q = 9 - m. Let a be ((-4)/6)/(q/6). Let t(h) = -3*h**3 - h**2. Give t(a).
2
Let a(d) = 5*d - 16. Let u(f) = 6*f - 17. Let r(l) = -5*a(l) + 4*u(l). Calculate r(10).
2
Let q(m) = -2*m**2 + 3*m - 3. Let h(f) = f**3 - 13*f**2 + 12*f + 3. Let i be h(12). Give q(i).
-12
Let a(v) = -v**3 + 6*v**2 + v - 5. Let o(t) = -t**3 + 3*t**2 + 5*t - 2. Let r be o(4). Let u be 0 - (-1 + r) - 2. Let y = u + 9. What is a(y)?
1
Let c(k) = k - 1. Let s(n) = -8*n + 10. Let f(b) = 6*c(b) + s(b). Give f(6).
-8
Let d(l) = l**3 + 6 + 19*l**2 - 41*l**2 - 7*l + 17*l**2. Give d(6).
0
Let n(t) = t**2 - t + 12. Let z(c) = -c**2 + c - 11. Let b(o) = -3*n(o) - 4*z(o). Calculate b(0).
8
Let x(f) = 3*f + 7. Suppose 3*w = 2*w + 5*i + 28, 7 = -w - 2*i. Let n = w - 8. Calculate x(n).
-8
Let p(k) be the first derivative of -k**3/3 - 4*k**2 - 7*k - 1. Suppose -30 = -5*z + 8*z. Let w = z - -5. Determine p(w).
8
Suppose -4*i - 30 = i. Let v(m) = 2*m + 11. Let d(f) = -4*f - 23. Let k(a) = 4*d(a) + 7*v(a). Let t(z) = 3*z + 23. Let s(y) = 8*k(y) + 5*t(y). Determine s(i).
1
Let g(h) = 2*h + 12. Let i(a) be the third derivative of -a**4/8 - 13*a**3/6 - 4*a**2. Let m(d) = -5*g(d) - 4*i(d). Give m(6).
4
Let k(q) = -q**3 - 4*q**2 + q + 4. Let o be k(-4). Suppose o = -x + 3*x. Let w(l) = -l**3 + l**2 - 3. Let t be w(x). Let n(m) = -m**2 - m + 3. Calculate n(t).
-3
Let c(g) = g**2 + 5*g. Suppose -2*y + 18 = -3*y. Let k = 13 + y. Calculate c(k).
0
Suppose 4*m + a + 23 = 0, a - 17 = 2*m - 4. Let g(h) = -h - 4. Calculate g(m).
2
Let f(a) = -2*a**3 + a**2 + a. Let x(k) = 3*k**3 - 5*k**2 - 4*k + 1. Let v(n) = 2*f(n) + x(n). Suppose -4*g - 6 - 2 = 0. Determine v(g).
1
Let b(v) = v**3 + 7*v**2 - v - 1. Let s(f) = 2*f**3 + 13*f**2 - f - 3. Let l(r) = 5*b(r) - 3*s(r). Determine l(-3).
1
Let g(a) be the second derivative of a**4/12 + a**3/2 + a**2/2 - 7*a. Determine g(-2).
-1
Let m(y) = -y**3 - 4*y**2 + 3. Let c = 0 + 2. Suppose 0 = c*l - 6, 1 = -4*z - 2*l + 3. Let b be (2 + -1)/(z/3). What is m(b)?
-6
Let y = 26 + -21. Let r(g) be the first derivative of g**2 - g - 3*g - 3 + 2. Determine r(y).
6
Let s(m) = m**2 - 8*m + 2. Let h(l) = l - 2. Let x be h(7). Calculate s(x).
-13
Let y(a) = -17*a**2 - 2*a + 11. Let i(w) = 8*w**2 + w - 5. Let d(h) = -13*i(h) - 6*y(h). Give d(-2).
-7
Let t be (-7)/(2 - (-2 + 3)). Let u = t - 0. Let k(f) = 3*f**2 - 6*f - 8. Let z(j) = -4*j**2 + 9*j + 12. Let s(c) = u*k(c) - 5*z(c). What is s(-3)?
-4
Let q(j) = j**2 + 3 + 0 + 3. Determine q(0).
6
Suppose -3*d = 3*v - 4*d + 42, -d + 27 = -2*v. Let n be (-2)/(-5) - (-6)/v. Let u(h) = h + 1. Let f(q) = -q**2 + 2*q. Let t(z) = f(z) - 2*u(z). Determine t(n).
-2
Let n(i) = i**2 - 8*i + 4. Let t = -12 - -16. Suppose t*f - 27 = -3. Determine n(f).
-8
Suppose -2*g - 7 + 13 = 0. Let f(u) = -5*u**g + 4*u**3 + 3 + 0 - 2*u + 3 + 4*u**2. Give f(4).
-2
Let i(a) = -a**2 + 8*a - 9. Suppose c = -w - 0 + 6, 3*w = 5*c + 26. Give i(w).
-2
Let m(a) be the third derivative of -a**5/60 - a**4/12 - a**3/2 + a**2. Calculate m(-3).
-6
Let u(t) = -t. Let o(p) = -p**2 - 4*p + 2. Let w be (-5)/(1*(0 + 1)). Let c be o(w). What is u(c)?
3
Let j = 15 + -10. Suppose 3*n - j*n + 29 = 5*p, -5*n + 4*p = 10. Suppose -15 = -s - n*s. Let v(k) = k - 2. Give v(s).
3
Let s(u) = u**3 + 6*u**2 + 5*u - 7. Let d(r) be the second derivative of -r**4/12 + r**3 + 11*r**2/2 - 3*r. Let w be d(8). Determine s(w).
-7
Let u(y) be the first derivative of -2/3*y**3 + 1 - 1/4*y**4 - 3*y - 2*y**2. Determine u(-2).
5
Suppose -6 = 5*n - 111. Suppose 3*j = 3*i + n, -i - 18 = -3*j + i. Let q(m) = -j + m + 0 + 2. Give q(2).
0
Let p(m) = 18*m + 6 - 8*m - 7*m + m**2 - 8*m. Calculate p(5).
6
Let x(w) = 3*w**2 + w - 3. Let h(j) = 8*j - 1 - 7*j + 2 - j**2. Let m(f) = 4*h(f) + x(f). Determine m(5).
1
Let n(l) be the first derivative of -l**3/3 - 5*l**2/2 - 1. Let z be n(-4). Let b(h) be the first derivative of h**2/2 - 3*h - 1. What is b(z)?
1
Let d be ((-3)/9)/((-2)/18). Let a(x) = 6*x**2 - 6 - 3 - x**d - 2 + 3. Calculate a(6).
-8
Let m(h) be the third derivative of -h**5/30 + 14*h**2. Calculate m(-2).
-8
Let p(r) be the third derivative of -r**6/120 + r**5/15 - r**4/12 + r**3/3 - 28*r**2. Let q(b) = b. Let f be q(4). Determine p(f).
-6
Let d(u) = u - 1. Let l(w) = 4*w + 1. Let n(k) = -2*d(k) + l(k). Suppose -m = 4*m + 20. Let p be m/18 + 34/(-9). Calculate n(p).
-5
Let o = 7 + -2. Suppose 0 = -o*u + 46 - 1. Let f(w) = -w + 2 + 0*w - u. What is f(-5)?
-2
Let w(d) = d**3 - 4*d**2 - 5*d - 1. Suppose -2*b + 27 = -b. Suppose -u - 3 = 1, -5*g - 3*u - 2 = 0. Suppose -k = g*k + 3*z - b, -2*z = -3*k + 7. Give w(k).
-1
Let v(z) = 2*z**2 + 5*z - 7*z**3 + 5 + 2*z**2 + 6*z**3. Calculate v(5).
5
Let p(n) = 2 + 0*n**3 + 4*n + n**2 + 1 - n**3 - 2. What is p(3)?
-5
Suppose 2 = -4*l + 14. Let b(u) = -2*u**2 - u**l + 1 - 2*u**2 + 9*u**2 + 0 + 5*u. Give b(6).
-5
Let u(g) = -g + 1. Suppose -3*k + s - 14 = 0, -s - 15 = 4*k + 6. Let f be u(k). Let p(z) = -z + 7. Give p(f).
1
Let i(r) = 10*r. Let u be i(1). Let l = -15 + u. Let s(m) = -m**3 - 5*m**2 + m + 3. Give s(l).
-2
Let a = -9 - 0. Let r(l) = l + 11. Let g be r(a). Let t(d) = -2*d**2 - 4*d**g + 2*d**2 + d + d**3. What is t(2)?
-6
Let i(b) = 3 + 1 - 1 - 2*b + 3*b. Suppose 3*u + 10 = -p, -3 = -5*u + 4*p - 14. What is i(u)?
0
Let x(g) = 2 - g - 4 - 5. Let b = 29 - 29. Give x(b).
-7
Let q(b) = -b**3 - 7*b**2 + b + 7. Let s(o) = -o**3 - 6*o**2 + o + 6. Let t(x) = -6*q(x) + 7*s(x). What is t(-2)?
6
Let k(v) = -v**2 - 5*v + 3. Let b be k(4). Let c be 1/(1 + b/30). Let i be ((-25)/c)/((-1)/(-2)). Let h(s) = -s**2 + 4*s + 5. What is h(i)?
0
Let j(d) = -3 - d**3 + 0*d**3 + 1. Let v be (